i - y*i = -75. What are the prime factors of i?
3, 5
Let v(f) = -f**3 + f - 2. Let l be v(-2). Suppose 0*h + 2*h = -2*n + 26, 20 = l*h - 4*n. What are the prime factors of h?
3
Suppose -h + 51 = -a, 3*a + 0*a = -9. Suppose 2*b + 0*z - h = -4*z, 5*z = -2*b + 50. List the prime factors of b.
2, 5
Suppose o = 5*g + 52, g - 156 = -3*o - g. List the prime factors of o.
2, 13
Let n(r) = -r. Let d(j) = -2*j - 20. Let i(x) = -d(x) + n(x). Let s be i(0). List the prime factors of (6/(-4))/((-2)/s).
3, 5
Let z(r) = -13*r + 6. What are the prime factors of z(-3)?
3, 5
Let l = 1 - -2. List the prime factors of 207/12 - l/12.
17
Let l be (-2 - -2)/3 + -14. Let t be (-4)/l - 23/7. Let w = t + 9. List the prime factors of w.
2, 3
Let a(c) = -20*c + 2. List the prime factors of a(-4).
2, 41
Let l(g) = -g**2 - 7*g. Let j = 6 - 9. List the prime factors of l(j).
2, 3
Let n = 36 + 6. What are the prime factors of n?
2, 3, 7
Let i(f) = -f + 1. Let p be i(7). Let n(b) = -4*b - 16. Let w(o) = -3*o - 15. Let s(r) = p*n(r) + 7*w(r). What are the prime factors of s(6)?
3
Suppose 0 = -5*k + k - s + 37, -2*k + 5*s + 13 = 0. Suppose -2*j = -m - 24, -5*j + k*m + 65 = 4*m. List the prime factors of j.
11
Suppose 2*z + 3*c + c - 188 = 0, 0 = -5*z - 2*c + 462. What are the prime factors of z?
2, 23
Let b be (-3 + (-1)/1)*-1. What are the prime factors of (b + -3)*-1 - -7?
2, 3
Suppose -2*g = -g. Let l be 4 + g/(2 + -3). Suppose 0 = 4*x - 3*x - l. What are the prime factors of x?
2
Let g(c) = 36*c - 18. List the prime factors of g(6).
2, 3, 11
Suppose -2*u + 0*u - 3*f + 2 = 0, -12 = -u + 4*f. Suppose 2*y + b - u - 3 = 0, 2*y - 4*b = 2. Suppose y*t = -t + 76. What are the prime factors of t?
19
Let s = 8 - 4. Let g(h) = 3*h - 1. What are the prime factors of g(s)?
11
Suppose 0 = 3*s - g + 2, -3*s + 2*g = -7*s - 6. Let b = -3 - s. List the prime factors of b/(-5) + 78/5.
2
Suppose -z + 104 = 2*h, 2*h + 36 = 5*z + 128. List the prime factors of h.
3, 17
Let s(b) = 2*b + 3. Let c be s(-3). Suppose 2*z + 1 = 11. Let h = z + c. List the prime factors of h.
2
Suppose -5*b - 89 = -2*z, 0*b = -3*b - 3. Suppose -c = -z + 9. What are the prime factors of c?
3, 11
Let c be 7/(-14)*12*9. Let d = 22 + c. Let b = -17 - d. What are the prime factors of b?
3, 5
Let i = 5 + -4. Let a be 4*((-1)/2 + i). Suppose -3*f + b = -9, -a*b - 4 = 2. List the prime factors of f.
2
Suppose 4*z - 6 = z. Let c(y) = 2*y**2 + 1 + 2*y**2 + 5*y**2 - y - z*y**2. List the prime factors of c(1).
7
Let k(p) = p**3 - 3*p**2 + 3*p - 2. Let d be 2/12*4*3. Let w be k(d). Suppose 5*y - 40 = -w*y. What are the prime factors of y?
2
Let l(b) = -b**2 + 3*b + 4. Let h be l(4). What are the prime factors of (23 - 8)*(h + 1)?
3, 5
Suppose -9*x - 4*x = -2821. What are the prime factors of x?
7, 31
List the prime factors of 19/(3 + 4/(-2)).
19
Suppose 3*j - 132 = 66. Suppose 0*i - 2*i + j = 4*o, 2*o = -3*i + 31. What are the prime factors of o?
17
Let o = 24 - 17. Let a = 22 - o. List the prime factors of a.
3, 5
Let l = -28 - -136. What are the prime factors of l?
2, 3
Suppose -147 = 3*q + 15. Let v = -36 - q. What are the prime factors of v?
2, 3
Suppose 0 = s + 2*k - 9, s + 17 = 3*s + 3*k. What are the prime factors of 0 + s + (-5 - -4)?
2, 3
Let g = -151 + 89. Let p be (2/(-4))/(1/g). Let f = p + -21. What are the prime factors of f?
2, 5
Suppose -3*j = -8*j - 35. Let t = j - -12. Suppose 44 = -c + t*c. List the prime factors of c.
11
Let q(m) = -2*m - 4. Let j be q(-4). Let c = j - 5. List the prime factors of (c/1)/(4/(-12)).
3
Suppose 2*b - 15 = -m + 171, -282 = -3*b - 3*m. What are the prime factors of ((-2)/((-8)/b))/1?
23
Let x(z) be the third derivative of z**6/120 + z**5/15 + z**4/6 + z**3/2 + 3*z**2. List the prime factors of x(-2).
3
Suppose 0 = -2*x - x + 6. Suppose 0 = -z - 5*c + 27, -z + 25 + 5 = x*c. What are the prime factors of z?
2
Suppose -22*q + 15 = -17*q. Suppose -q*j - 2*j = -225. List the prime factors of j.
3, 5
Let h be (0 + 0)/(-4 - -2). Suppose h = 8*z - 6*z - 42. What are the prime factors of z?
3, 7
Let x be ((-18)/(-4))/(1/2). Let t = x + -4. Suppose -11 = u + 4*j, -u = -2*j - 18 + t. What are the prime factors of u?
5
Let f(l) = -l**2 - 9*l - 1. What are the prime factors of f(-6)?
17
Let n(d) = d**3 + 28*d**2 - 5*d - 13. What are the prime factors of n(-28)?
127
Let w be (-256 - 9)*(-6)/10. Suppose 5*b - w = -64. What are the prime factors of b?
19
Let s(o) = -o - 4. Let r be s(-6). Suppose -r*l = -4*a + l + 45, 63 = 5*a + 3*l. Let d = a + -1. List the prime factors of d.
11
Suppose 0 = -3*f + 4*f - 35. List the prime factors of f.
5, 7
Let l = -100 - -276. List the prime factors of l.
2, 11
Suppose 4*c = 3*c + 5. Suppose c*s - 4*z - 85 = -0*z, 5*z = 2*s - 34. List the prime factors of s.
17
Let c = -1 + -1. Let r = 10 + c. Suppose 2*v + 5 = 5*s - 12, 4*s + 4*v - r = 0. List the prime factors of s.
3
Let a = -21 + 40. What are the prime factors of a?
19
Let z(p) = p - 2. Let h be z(7). Suppose 2*b = -5*c + 20, -h*c + c = b - 10. List the prime factors of b.
2, 5
Suppose 8*s + 1479 = 25*s. List the prime factors of s.
3, 29
Let s(h) = -h**3 + 3 + 2 + 7*h + 0 - 6*h**2. What are the prime factors of s(-7)?
5
Let a(h) = h**2 + 2*h + 1. Let v be a(3). Suppose f + 0*f = -v. Let s = -8 - f. List the prime factors of s.
2
Suppose -5*d = -3*c - 75, 5*c + 5*d - 112 = -277. Let q = 60 + c. List the prime factors of q.
2, 3, 5
Let n(d) = 25*d**3 + d**2 - 3*d + 2. What are the prime factors of n(1)?
5
Suppose 0 = -4*m - 3 + 19. Suppose 0 = -0*g + 4*g + m*v - 24, 5*g - v - 60 = 0. Suppose -16 = -3*x + g. What are the prime factors of x?
3
Let u = -16 - -8. Let p = 12 + u. Suppose -4*f + z = -p*z - 41, -4*f + 37 = -z. What are the prime factors of f?
3
Let j = -7 - -19. What are the prime factors of j?
2, 3
What are the prime factors of (1/2)/((-20)/(-3320))?
83
Suppose 12 = c - 5*z, -c + z + 7 - 3 = 0. Let o(x) = -3*x + 3. Let n be o(c). Let a = 8 + n. What are the prime factors of a?
5
Let q(w) = -11*w - 7. List the prime factors of q(-4).
37
Let i = 1 + 2. Let s = 2 - i. Let o(m) = 6*m**2. List the prime factors of o(s).
2, 3
Suppose 3*q - 60 = 2*q. What are the prime factors of q?
2, 3, 5
Suppose -15*v = -12*v - 9. What are the prime factors of 248/12 - v/(-9)?
3, 7
Let u(q) = -q**3 + 8*q**2 - 8*q + 3. Let v be u(7). Let g(t) = -2*t. Let d be g(v). What are the prime factors of 11/2 - 4/d?
5
Let c(j) = -21*j - 20. Let o(m) = -10*m - 10. Let h(y) = 6*c(y) - 13*o(y). List the prime factors of h(4).
2, 13
Let x(o) be the second derivative of o**4/12 + 8*o**3/3 + 5*o**2/2 + 5*o. List the prime factors of x(-16).
5
Let c(k) be the first derivative of -k**4/4 - k**3 - 5*k**2/2 - 3*k - 1. List the prime factors of c(-3).
2, 3
Let i(a) = a**3 - 9*a**2 + 4. Let v be i(9). Suppose 5 - 17 = -v*h. List the prime factors of h.
3
Suppose 0 = -s + 2*l, s - 4*s + 2*l + 4 = 0. Suppose x - 4*g = g + 18, 5*x - 21 = s*g. Suppose -x*p + 0*p + 16 = 4*z, p - 3*z = 14. List the prime factors of p.
2
Suppose 10 = 5*s + 25, -3*s - 49 = 2*r. Let i = 40 + r. List the prime factors of i.
2, 5
Let w(d) = 13*d - 3. Let r be w(3). Let v = r - 26. List the prime factors of v.
2, 5
Suppose -83 = -2*u + o, -o = -4*u + 48 + 115. Let k = 61 - u. What are the prime factors of k?
3, 7
Suppose -7*q + 4*q = -6. Suppose 4*h + 0*h - 22 = -q*o, -2*h - 9 = -3*o. List the prime factors of h.
3
Suppose -2*p = 5*g - 4*g + 3, -2*p = -2*g. What are the prime factors of ((-33)/(-3))/(g - -2)?
11
Suppose 3*g + 2*g = 30. Let a(w) = -w**3 + 5*w**2 + 5*w. Let p be a(g). Let n = p - -12. List the prime factors of n.
2, 3
Let w = -6 + 8. Let o = w + -4. List the prime factors of (o/3)/((-6)/99).
11
Let j(k) = -8 - 9 - k + 2*k - 3*k. What are the prime factors of j(-14)?
11
Suppose 5*c + 10 = 4*d, -2*c + 3*d = -0*c + 11. Suppose c*m = 17 + 11. What are the prime factors of m?
2, 7
Suppose -4*k = -2*r + 8, k + 0 = -3*r + 12. Suppose 5*y - 43 + 8 = k. What are the prime factors of y?
7
Suppose -2*l + 10 = -4. What are the prime factors of (-2)/(-7) - (-61)/l?
3
Let h be (-9)/(-2) + (-2)/4. Let p = h - 6. List the prime factors of (8/(-6))/(p/6).
2
Let x(g) = -g**3 - 6*g**2 - 5*g + 1. Let t be x(-5). Let r be (0 - 4)*t + 0. What are the prime factors of (-2)/